culate 4 + -86 + 44 + 70.
32
What is the value of 9 - (147 + -139 - (-15 + -1))?
-15
What is (-95 - (-99 + 8)) + 33 + 0?
29
Calculate -7 + 16 + (-16 - -2) - -11 - -6.
12
-3 + (14 - 6) - 3
2
Calculate 5 + (-19 - (-17 + 5)).
-2
Evaluate (-14 + 14 - -5) + 2.
7
Evaluate (0 - 2) + (0 - -9 - (-4 - -17)).
-6
Calculate -18 + (8 - -3 - 0).
-7
-15 + (-8 - 5) + 42
14
Evaluate 14 + -17 + 12 + -1 - (12 + -2).
-2
What is (7 - 7) + -4 - -16?
12
Evaluate 18 - 9 - 8 - (-1 + -4).
6
What is 1 - (-1 + 12 + -15)?
5
What is the value of (-8 - 0) + (8 - (8 + -5)) + -12?
-15
What is -9 + -3 + 2 - -1 - -3?
-6
What is -39 + 52 + (-3 - 16)?
-6
Calculate -109 - -106 - (1 + -10 - (-13 - -11)).
4
Evaluate 29 - (-17 + (-18 + 15 - -23)).
26
Evaluate (10 - 24) + -5 + 0 + (-2 - -6).
-15
Calculate 1518 - 1538 - (1 - (-1 + 2 + 1)).
-19
What is (-9 + (-7 - -8) + -8 - -10) + -18?
-24
0 + 0 + (-93 - -116)
23
What is 15 + (-15 - -25 - 0) + -12?
13
Evaluate -50 - -32 - ((-2 - 2) + -3).
-11
Evaluate -5 - (-7 + 10 - 7).
-1
Calculate (-62 - (55 - 98)) + (-1 - -2 - 2).
-20
Calculate (0 - 38) + (-429 - -470).
3
Evaluate (25 + -17 - (16 + 0)) + 2.
-6
What is (337 - 328) + 0 + -12?
-3
(8 - -35) + -13 - 17
13
(-211 - -214) + -12 + -1 + 2
-8
15 - (8 + -2 + 10 + -22)
21
Calculate 2 + -29 - 2 - (1445 + -1446).
-28
What is 4433 - 4444 - (20 - 1 - (1 - 1))?
-30
What is the value of (1 - (-1 + 0)) + 9 + -13?
-2
2 + (1 - 5 - -4) + 4 + 4
10
What is the value of (60 - 109) + 41 - (1 - -15)?
-24
Calculate -7 - ((142 - 138) + (-1 - (-2 - 1))).
-13
Calculate 14 + -4 + -1 + -4 - (-112 + 120).
-3
Evaluate (-3 - -16) + (-7 - -11 - 40).
-23
Evaluate -5 - -6 - 13 - 1 - -14.
1
What is -4 + 8 + -6 - (6 - 12 - -13)?
-9
What is the value of 8 + (-5 + -5 - 6) - -6?
-2
(-1 - -3) + (-24 - (-23 + 13))
-12
(-3 - (6 - 7) - 2) + -5 + 4
-5
What is the value of -4 + -9 + -2 + 4?
-11
(-25 + 17 - 14) + 31
9
What is the value of 2 + 19 + -14 - 22 - -3?
-12
Evaluate -410 + 434 - (21 - 1).
4
What is 12 - (27 + 5 - 9)?
-11
Calculate (8 - 2) + (43 - 38) + -19.
-8
What is the value of -6 + 10 + -8 - (-37 - -10)?
23
What is -11 + 5 - (-1 + (0 - 5) + -14)?
14
Evaluate (-3 + 33 - 6) + (3 - -2 - 11).
18
2 + (-13 - 10) + 12
-9
Calculate (2 - 1) + -17 + (7 - -11).
2
51 + -49 - (-5 + 11 + -36 + 2)
30
What is the value of -45 - ((-24 - -16) + -15)?
-22
What is the value of -4 + 15 + 17 + -41?
-13
What is 17 + (-18 - -5 - (33 + -41))?
12
Calculate -9 - (-1 + 1) - (135 - (149 + 6)).
11
Evaluate (31 - -54) + (-13 - 34).
38
(49 - 95) + 19 + 0 + -1
-28
What is the value of (-4 - (-5 + -1)) + -28 + 16?
-10
Evaluate 5 - (-6 + (7 - 5) + 12 - 11).
8
What is the value of 24 - (15 + -11 - -11)?
9
(-25 + 10 + 15 - 7) + 0 + -7
-14
Calculate 2 - (1 + -14 - -5).
10
(84 - 89) + (0 - 2)
-7
-17 - (-636 - -621 - (-22 - 0))
-24
Calculate -5 - (-13 + 20 + -8) - -21.
17
Evaluate -2 + (24 + 13 - 21).
14
What is (48 + -44 - 1) + (1 - (10 + 0))?
-6
13 + -13 + 11 + -5 - (1 - -15)
-10
What is 6 + -2 - (21 - 21)?
4
Calculate (-19 - -15) + (-5 - -19).
10
2 - (-3 - 11 - -13)
3
(16 - (5 + 17)) + 27
21
1 + -2 + (-11 + 10 - (-9 - -1))
6
What is the value of (-41 - (33 + -103)) + -21?
8
What is (7 - -2) + (-12 - -8 - -7)?
12
What is 9 + (0 - -14) + 13 - 12?
24
Calculate (-72 + 69 - -43) + -10 + (0 - 0).
30
Evaluate -11 - -2 - (6 - (-9 - (6 + -27))).
-3
What is (0 - (-9 - -12 - 8)) + 14?
19
What is the value of (-18 + 55 - 22) + -5?
10
What is -2 + (3 - (41 + 1 - (-24 - -35)))?
-30
What is (3 + -15 - -27) + -6 - -8?
17
Calculate 0 - -8 - (-459 - -469).
-2
What is the value of -13 + -36 + 56 + -5?
2
7 - 21 - (13 + (-19 - -21))
-29
Evaluate -1 + (1 + 0 - 2) + (24 - 9).
13
What is 19 - (16 + -3) - (-1 + -3)?
10
(10 - (11 - (2 - 2))) + 11
10
Calculate -4 + 5 + -2 + (-11 - -10) + 10.
8
What is 9 + -4 - (-5 - ((-4 - -6) + 2))?
14
Evaluate -9 + (-20 - (17 + -54)).
8
Evaluate -90 + 88 + 2 + 11.
11
What is -222 + 262 + (0 - -5 - (4 + 3))?
38
11 - (-5 + 5 + 0 + -7 + 7)
11
What is (15 - (0 + 17)) + -6 + 11?
3
Calculate -26 + -13 + 30 - (0 + -13).
4
What is the value of (8 - 2) + (2 - (9 + -3) - 1)?
1
-7 + (17 - 30) + (54 - 4)
30
What is the value of 19 - (0 - 1 - -14)?
6
Evaluate -21 + 22 + -7 - -3.
-3
-154 + 156 - (0 + -12 + 3)
11
Evaluate 0 + 15 + (-5 - -3).
13
Calculate 14 - (8 + 15 + 8) - -54.
37
What is the value of 2 + 1 + (3 - 8 - (-17 - -12))?
3
5 + (-12 - (4 - -4 - 26))
11
What is (4 - (29 - 16)) + (29 - 2)?
18
What is the value of (-18 - -12 - (-4 - (0 + -3))) + 2?
-3
Calculate 1 + (14 - 5) + -1 + -1.
8
What is (2 - 2) + 5 - (48 - (35 + 3))?
-5
Evaluate 3 + -5 + -15 - (11 - 7).
-21
What is -72 + 72 - (-19 + -1) - (9 + -1)?
12
What is 16 - (-2 + -8 + (-84 - -92))?
18
What is the value of (0 - -7) + -25 + (2 - -4)?
-12
What is 20 + -1 - (1989 + -1941)?
-29
14 - (-13 + 76) - -31
-18
What is 38 - (56 - (54 - 35))?
1
What is the value of (-53 - -38) + (-7 - -2 - 10)?
-30
What is (13 - 26) + 0 + (6 - 11)?
-18
What is -169 + 161 + (-1 - ((4 - 4) + -17))?
8
Evaluate 485 - 486 - (-15 + -2 - -1).
15
Calculate 28 - (-30 + 51 - -1).
6
What is the value of -26 - (-18 + 9 + -42)?
25
6 + 10 + (1 + -3 + 0 - 8)
6
Calculate -2 + -1 + 1 + 1 + -7 + 0.
-8
What is -22 - (-9 + 24 - 1) - -11?
-25
Calculate -8 + (-2 - -8) - (7 - -13).
-22
What is the value of 26 + 3 + -79 - -25?
-25
Evaluate 3 + (11 - 22) + -10.
-18
What is the value of -1 - (-18 - -13 - -1)?
3
What is the value of (-35 + 20 - -22) + 3?
10
What is the value of -89 + 65 + (39 - -6)?
21
Calculate (-2 - -5) + -3 + (45 - 62).
-17
Calculate -3 + -1 + 0 + (2 - 1 - 7).
-10
Evaluate -30 - -24 - (60 + -56).
-10
8 - (-30 - -38 - -17)
-17
What is the value of -12 + 24 + (-47 - -6)?
-29
Calculate -56 - -10 - (-3 - 32).
-11
What is the value of 13 - (-2 - -7) - (-20 + 30) - -22?
20
What is the value of (10 - (3 - 8)) + 4?
19
-15 - (-2 - (4 + -10) - (4 - -2))
-13
-2 + (-1 - 2) - (37 - (-16 + 49))
-9
Calculate 11 - (24 + -25 - 8).
20
Evaluate -7 + 6 + 4 + (10 - 4).
9
What is (-7 + 1 - -7 - 17) + -1 + 3?
-14
16 + -12 - -1 - (0 + -11 + 4)
12
Calculate (-34 - 20) + 31 - -14.
-9
What is the value of -44 - (-14 + (19 - 6 - 13))?
-30
What is the value of -5 - -5 - (-1 + (-15 - -5 - -6))?
5
Calculate 2 + 1 + -9 - (0 - (8 + -5)).
-3
What is the value of -2 + 1 + -28 - (87 - 99)?
-17
-2 - 14 - (37 + -41 - -5)
-17
What is the value of (1 - 25) + (1984 - 1947)?
13
(-3 - 10 - 11) + 14
-10
Calculate 0 - (-2 + 12 + -45 - -18).
17
4 + -23 + 12 - (2 + 7 + -7)
-9
What is (3 - -3 - (16 - (-6 + 11))) + 0?
-5
Calculate 11 + (-20 - 26) + 14.
-21
What is -15 + 3 + 17 + (1 - -3) - 6?
3
Evaluate (-29 - (-44 - -33)) + 38.
20
What is (0 + 0 + 4 - (-2 - 1)) + 0?
7
Evaluate (34 + -19 - 39) + 35.
11
What is 1544 + -1553 + (-1 - ((3 - 2) + 0))?
-11
-5 - 26 - (-36 + 12)
-7
Evaluate -7 + (-3 - (-1 + -6 - (-7 - -5))).
-5
What is the value of 11 - ((25 - 16) + 1 + -22)?
23
Calculate (-6 - 1) + -1 + 11 + -8.
-5
What is the value of -5 + (3 - (0 + 4 + -37 + 45))?
-14
Calculate (-2 - -10) + (0 - -6) + -9 - -2.
7
What is -35 + 12 + 48 + -28?
-3
What is -36 - ((16 - 7) + -13 + 5 - 10)?
-27
Calculate -10 - (44 + -37 - (10 + -1)).
-8
-18 + (3 - -5) - 4
-14
What is (188 - 179) + (1 - 3) + 2?
9
What is 0 + -15 + 5 + 1?
-9
What is the value of -21 + -4 + -4 + 20?
-9
What is 11 - ((-25 - -29) + 1 + (0 - 7))?
13
Calculate (-2 + 5 - -1) + 3 + (-17 - -24).
14
-2 + -1 + 28 + (-37 - -31) + 3
22
What is the value of (1 + -2 - 9) + -7 + 7 + 3?
-7
Evaluate 22 - (-16 + 60 + -34).
12
Evaluate -3 - (4 - (40 + -5 + -8)).
20
What is the value of -6 + 8 + -4 + (-49 - -31)?
-20
Evaluate -5 + 2 - (-17 - -18 - 8 - -6).
-2
What is the value of -3 - (44 + -49 - (9 + -3 + 0))?
8
(8 - (57 + -41)) + (-7 - (4 + -1))
-18
Evaluate 8 + (-31 + 20 - 3).
-6
What is the value of 12 + -11 + 5 - -3?
9
(40 - (-6 - -20)) + -12 + -30
-16
Calculate 1 + (10 + -9 - -20).
22
What is the value of 3 + (-1 + -6 + 13 - 17)?
-8
What is -1 + -2 + 3 - (25 + -28) - 8?
-5
-3 - (0 - (-2 + -4) - (-75 - -76))
-8
What is -21 - -2 - (-77 - -65)?
-7
Evaluate -1 + 4 + (14 - (-5 - -1)).
21
Calculate (29 - 2) + -143 + 123.
7
What is -25 + -6 + 8 + (6 - (8 - 6))?
-19
What is the value of 10 - ((-5 - -25 - 10) + -1)?
1
Evaluate -19 + 29 + -20 - (2 - -4).
-16
What is 9 - (-3 - (-4 + -17))?
-9
Evaluate -2 + (-6 - (10 - (-6 - -10))) + -1.
-15
-